{"id":253,"date":"2023-08-06T15:08:02","date_gmt":"2023-08-06T15:08:02","guid":{"rendered":"https:\/\/andrea-pfeil.de\/?page_id=253"},"modified":"2024-10-28T17:14:22","modified_gmt":"2024-10-28T17:14:22","slug":"aktuelles","status":"publish","type":"page","link":"https:\/\/andrea-pfeil.de\/?page_id=253","title":{"rendered":"Ausstellungen"},"content":{"rendered":"\n<p><strong>Aktuelle Ausstellung<\/strong><\/p>\n\n\n\n<p><strong>Kunst &amp; Sehen<\/strong> <br>in der St\u00e4dtischne Galerie Bad Reichenhall<br>vom 26. Oktober bis 3. November 2024 ge\u00f6ffnet von 15 bis 18 Uhr. <br>Finissage am 3. 11. um 17 Uhr in Anwesenheit aller K\u00fcnstler<\/p>\n\n\n\n<p><\/p>\n\n\n<div class=\"wp-block-image\">\n<figure class=\"aligncenter size-large is-resized\"><img loading=\"lazy\" decoding=\"async\" width=\"726\" height=\"1024\" src=\"https:\/\/andrea-pfeil.de\/wp-content\/uploads\/2024\/10\/staedtische-galerie-2024-726x1024.jpg\" alt=\"\" class=\"wp-image-1565\" style=\"width:518px;height:auto\" srcset=\"https:\/\/andrea-pfeil.de\/wp-content\/uploads\/2024\/10\/staedtische-galerie-2024-726x1024.jpg 726w, https:\/\/andrea-pfeil.de\/wp-content\/uploads\/2024\/10\/staedtische-galerie-2024-213x300.jpg 213w, https:\/\/andrea-pfeil.de\/wp-content\/uploads\/2024\/10\/staedtische-galerie-2024-768x1083.jpg 768w, https:\/\/andrea-pfeil.de\/wp-content\/uploads\/2024\/10\/staedtische-galerie-2024.jpg 850w\" sizes=\"auto, (max-width: 726px) 100vw, 726px\" \/><\/figure>\n<\/div>\n\n\n<p><\/p>\n\n\n\n<p><\/p>\n\n\n\n<p><strong>Vorschau<\/strong><\/p>\n\n\n\n<p><strong>Adieu Tristesse<\/strong><br>in der Orangerie am Englischen Garten M\u00fcnchen<br>Vom 28.01. bis 10.02. 2025<br>ge\u00f6ffnet Sa und So von 11 bis 18 Uhr, Mo bis Fr von 15 bis 18 Uhr.<\/p>\n\n\n\n<p>Vernissage Dienstag, 28.01.2025 ab 19 Uhr<br>Einf\u00fchrung Ingrid Floss<br>Musik Philipp Schiepek, Guitarre<br>Freitag, 31.01.2025 ab 16 Uhr f\u00fcr Interessierte ein Vortrag zu den Farben: <br>&#8222;Vom Pigment zur Wirkung&#8220; <\/p>\n\n\n<div class=\"wp-block-image\">\n<figure class=\"aligncenter size-large is-resized\"><img loading=\"lazy\" decoding=\"async\" width=\"724\" height=\"1024\" src=\"https:\/\/andrea-pfeil.de\/wp-content\/uploads\/2024\/10\/orangerie-2025-724x1024.jpg\" alt=\"\" class=\"wp-image-1573\" style=\"width:555px;height:auto\" srcset=\"https:\/\/andrea-pfeil.de\/wp-content\/uploads\/2024\/10\/orangerie-2025-724x1024.jpg 724w, https:\/\/andrea-pfeil.de\/wp-content\/uploads\/2024\/10\/orangerie-2025-212x300.jpg 212w, https:\/\/andrea-pfeil.de\/wp-content\/uploads\/2024\/10\/orangerie-2025-768x1087.jpg 768w, https:\/\/andrea-pfeil.de\/wp-content\/uploads\/2024\/10\/orangerie-2025.jpg 850w\" sizes=\"auto, (max-width: 724px) 100vw, 724px\" \/><\/figure>\n<\/div>\n\n\n<p><\/p>\n\n\n\n<p><strong>R\u00fcckblick<\/strong><\/p>\n\n\n\n<p><strong>Ausstellung auf Schloss Herrenchiemsee<\/strong> 2023<\/p>\n\n\n\n<p>Vom 2. bis 10. September 2023 waren einige meiner Werke im Neuen Schloss Herrenchiemsee zu sehen. Die S\u00fcddeutsche Zeitung berichtete:<\/p>\n\n\n\n<figure class=\"wp-block-image size-large\"><img loading=\"lazy\" decoding=\"async\" width=\"943\" height=\"1024\" src=\"https:\/\/andrea-pfeil.de\/wp-content\/uploads\/2023\/09\/Sueddeutsche-Zeitung-Freitag-01.09.23-943x1024.jpg\" alt=\"\" class=\"wp-image-1136\" srcset=\"https:\/\/andrea-pfeil.de\/wp-content\/uploads\/2023\/09\/Sueddeutsche-Zeitung-Freitag-01.09.23-943x1024.jpg 943w, https:\/\/andrea-pfeil.de\/wp-content\/uploads\/2023\/09\/Sueddeutsche-Zeitung-Freitag-01.09.23-276x300.jpg 276w, https:\/\/andrea-pfeil.de\/wp-content\/uploads\/2023\/09\/Sueddeutsche-Zeitung-Freitag-01.09.23-768x834.jpg 768w, https:\/\/andrea-pfeil.de\/wp-content\/uploads\/2023\/09\/Sueddeutsche-Zeitung-Freitag-01.09.23-1414x1536.jpg 1414w, https:\/\/andrea-pfeil.de\/wp-content\/uploads\/2023\/09\/Sueddeutsche-Zeitung-Freitag-01.09.23-1885x2048.jpg 1885w, https:\/\/andrea-pfeil.de\/wp-content\/uploads\/2023\/09\/Sueddeutsche-Zeitung-Freitag-01.09.23-1140x1239.jpg 1140w\" sizes=\"auto, (max-width: 943px) 100vw, 943px\" \/><figcaption class=\"wp-element-caption\">S\u00fcddeutsche Zeitung vom Freitag, den 01.09.23<\/figcaption><\/figure>\n\n\n\n<div class=\"wp-block-columns is-layout-flex wp-container-core-columns-is-layout-28f84493 wp-block-columns-is-layout-flex\">\n<div class=\"wp-block-column is-vertically-aligned-center is-layout-flow wp-block-column-is-layout-flow\" style=\"flex-basis:66.66%\"><div class=\"wp-block-image\">\n<figure class=\"alignleft size-full is-resized\"><img loading=\"lazy\" decoding=\"async\" width=\"866\" height=\"650\" src=\"https:\/\/andrea-pfeil.de\/wp-content\/uploads\/2023\/09\/Impression-Herrenchiemsee-1-1.jpeg\" alt=\"\" class=\"wp-image-1200\" style=\"width:610px;height:auto\" srcset=\"https:\/\/andrea-pfeil.de\/wp-content\/uploads\/2023\/09\/Impression-Herrenchiemsee-1-1.jpeg 866w, https:\/\/andrea-pfeil.de\/wp-content\/uploads\/2023\/09\/Impression-Herrenchiemsee-1-1-300x225.jpeg 300w, https:\/\/andrea-pfeil.de\/wp-content\/uploads\/2023\/09\/Impression-Herrenchiemsee-1-1-768x576.jpeg 768w\" sizes=\"auto, (max-width: 866px) 100vw, 866px\" \/><\/figure>\n<\/div><\/div>\n\n\n\n<div class=\"wp-block-column is-layout-flow wp-block-column-is-layout-flow\" style=\"flex-basis:33.33%\"><div class=\"wp-block-image\">\n<figure class=\"alignright size-large is-resized\"><img loading=\"lazy\" decoding=\"async\" width=\"768\" height=\"1024\" src=\"https:\/\/andrea-pfeil.de\/wp-content\/uploads\/2023\/09\/Impression-Herrenchiemsee-2-1-768x1024.jpeg\" alt=\"\" class=\"wp-image-1201\" style=\"width:461px;height:auto\" srcset=\"https:\/\/andrea-pfeil.de\/wp-content\/uploads\/2023\/09\/Impression-Herrenchiemsee-2-1-768x1024.jpeg 768w, https:\/\/andrea-pfeil.de\/wp-content\/uploads\/2023\/09\/Impression-Herrenchiemsee-2-1-225x300.jpeg 225w, https:\/\/andrea-pfeil.de\/wp-content\/uploads\/2023\/09\/Impression-Herrenchiemsee-2-1.jpeg 866w\" sizes=\"auto, (max-width: 768px) 100vw, 768px\" \/><\/figure>\n<\/div><\/div>\n<\/div>\n\n\n\n<div class=\"wp-block-columns is-layout-flex wp-container-core-columns-is-layout-28f84493 wp-block-columns-is-layout-flex\">\n<div class=\"wp-block-column is-vertically-aligned-bottom is-layout-flow wp-block-column-is-layout-flow\" style=\"flex-basis:626px\"><div class=\"wp-block-image\">\n<figure class=\"alignleft size-medium is-resized\"><img loading=\"lazy\" decoding=\"async\" width=\"300\" height=\"225\" src=\"https:\/\/andrea-pfeil.de\/wp-content\/uploads\/2023\/09\/Impression-Herrenchiemsee-Triptychon-1-300x225.jpeg\" alt=\"\" class=\"wp-image-1204\" style=\"width:960px\" srcset=\"https:\/\/andrea-pfeil.de\/wp-content\/uploads\/2023\/09\/Impression-Herrenchiemsee-Triptychon-1-300x225.jpeg 300w, https:\/\/andrea-pfeil.de\/wp-content\/uploads\/2023\/09\/Impression-Herrenchiemsee-Triptychon-1-768x576.jpeg 768w, https:\/\/andrea-pfeil.de\/wp-content\/uploads\/2023\/09\/Impression-Herrenchiemsee-Triptychon-1.jpeg 866w\" sizes=\"auto, (max-width: 300px) 100vw, 300px\" \/><\/figure>\n<\/div><\/div>\n\n\n\n<div class=\"wp-block-column is-vertically-aligned-bottom is-layout-flow wp-block-column-is-layout-flow\" style=\"flex-basis:626px\"><div class=\"wp-block-image\">\n<figure class=\"alignright size-full is-resized\"><img loading=\"lazy\" decoding=\"async\" width=\"866\" height=\"980\" src=\"https:\/\/andrea-pfeil.de\/wp-content\/uploads\/2023\/09\/Impression-Herrenchiemsee-3-1.jpeg\" alt=\"\" class=\"wp-image-1202\" style=\"width:auto;height:340px\" srcset=\"https:\/\/andrea-pfeil.de\/wp-content\/uploads\/2023\/09\/Impression-Herrenchiemsee-3-1.jpeg 866w, https:\/\/andrea-pfeil.de\/wp-content\/uploads\/2023\/09\/Impression-Herrenchiemsee-3-1-265x300.jpeg 265w, https:\/\/andrea-pfeil.de\/wp-content\/uploads\/2023\/09\/Impression-Herrenchiemsee-3-1-768x869.jpeg 768w\" sizes=\"auto, (max-width: 866px) 100vw, 866px\" \/><\/figure>\n<\/div><\/div>\n<\/div>\n","protected":false},"excerpt":{"rendered":"<p>Aktuelle Ausstellung Kunst &amp; Sehen in der St\u00e4dtischne Galerie Bad Reichenhallvom 26. Oktober bis 3. November 2024 ge\u00f6ffnet von 15 bis 18 Uhr. Finissage am 3. 11. um 17 Uhr in Anwesenheit aller K\u00fcnstler Vorschau Adieu Tristessein der Orangerie am Englischen Garten M\u00fcnchenVom 28.01. bis 10.02. 2025ge\u00f6ffnet Sa und So von 11 bis 18 Uhr, Mo bis Fr von 15 bis 18 Uhr. Vernissage Dienstag, 28.01.2025 ab 19 UhrEinf\u00fchrung Ingrid FlossMusik Philipp Schiepek, GuitarreFreitag, 31.01.2025 ab 16 Uhr f\u00fcr Interessierte ein Vortrag zu den Farben: &#8222;Vom Pigment zur Wirkung&#8220; R\u00fcckblick Ausstellung auf Schloss Herrenchiemsee 2023 Vom 2. bis 10. September 2023 waren einige meiner Werke im Neuen Schloss Herrenchiemsee zu sehen. Die S\u00fcddeutsche Zeitung berichtete:<\/p>\n","protected":false},"author":1,"featured_media":0,"parent":0,"menu_order":0,"comment_status":"closed","ping_status":"closed","template":"","meta":{"ngg_post_thumbnail":0,"footnotes":""},"class_list":["post-253","page","type-page","status-publish","hentry"],"_links":{"self":[{"href":"https:\/\/andrea-pfeil.de\/index.php?rest_route=\/wp\/v2\/pages\/253","targetHints":{"allow":["GET"]}}],"collection":[{"href":"https:\/\/andrea-pfeil.de\/index.php?rest_route=\/wp\/v2\/pages"}],"about":[{"href":"https:\/\/andrea-pfeil.de\/index.php?rest_route=\/wp\/v2\/types\/page"}],"author":[{"embeddable":true,"href":"https:\/\/andrea-pfeil.de\/index.php?rest_route=\/wp\/v2\/users\/1"}],"replies":[{"embeddable":true,"href":"https:\/\/andrea-pfeil.de\/index.php?rest_route=%2Fwp%2Fv2%2Fcomments&post=253"}],"version-history":[{"count":78,"href":"https:\/\/andrea-pfeil.de\/index.php?rest_route=\/wp\/v2\/pages\/253\/revisions"}],"predecessor-version":[{"id":1580,"href":"https:\/\/andrea-pfeil.de\/index.php?rest_route=\/wp\/v2\/pages\/253\/revisions\/1580"}],"wp:attachment":[{"href":"https:\/\/andrea-pfeil.de\/index.php?rest_route=%2Fwp%2Fv2%2Fmedia&parent=253"}],"curies":[{"name":"wp","href":"https:\/\/api.w.org\/{rel}","templated":true}]}}

<p><strong>Aktuelle Ausstellung</strong></p>



<p><strong>Kunst &amp; Sehen</strong> <br>in der Städtischne Galerie Bad Reichenhall<br>vom 26. Oktober bis 3. November 2024 geöffnet von 15 bis 18 Uhr. <br>Finissage am 3. 11. um 17 Uhr in Anwesenheit aller Künstler</p>



<p></p>


<div class="wp-block-image">
<figure class="aligncenter size-large is-resized"><img loading="lazy" decoding="async" width="726" height="1024" src="https://andrea-pfeil.de/wp-content/uploads/2024/10/staedtische-galerie-2024-726x1024.jpg" alt="" class="wp-image-1565" style="width:518px;height:auto" srcset="https://andrea-pfeil.de/wp-content/uploads/2024/10/staedtische-galerie-2024-726x1024.jpg 726w, https://andrea-pfeil.de/wp-content/uploads/2024/10/staedtische-galerie-2024-213x300.jpg 213w, https://andrea-pfeil.de/wp-content/uploads/2024/10/staedtische-galerie-2024-768x1083.jpg 768w, https://andrea-pfeil.de/wp-content/uploads/2024/10/staedtische-galerie-2024.jpg 850w" sizes="auto, (max-width: 726px) 100vw, 726px" /></figure>
</div>


<p></p>



<p></p>



<p><strong>Vorschau</strong></p>



<p><strong>Adieu Tristesse</strong><br>in der Orangerie am Englischen Garten München<br>Vom 28.01. bis 10.02. 2025<br>geöffnet Sa und So von 11 bis 18 Uhr, Mo bis Fr von 15 bis 18 Uhr.</p>



<p>Vernissage Dienstag, 28.01.2025 ab 19 Uhr<br>Einführung Ingrid Floss<br>Musik Philipp Schiepek, Guitarre<br>Freitag, 31.01.2025 ab 16 Uhr für Interessierte ein Vortrag zu den Farben: <br>&#8222;Vom Pigment zur Wirkung&#8220; </p>


<div class="wp-block-image">
<figure class="aligncenter size-large is-resized"><img loading="lazy" decoding="async" width="724" height="1024" src="https://andrea-pfeil.de/wp-content/uploads/2024/10/orangerie-2025-724x1024.jpg" alt="" class="wp-image-1573" style="width:555px;height:auto" srcset="https://andrea-pfeil.de/wp-content/uploads/2024/10/orangerie-2025-724x1024.jpg 724w, https://andrea-pfeil.de/wp-content/uploads/2024/10/orangerie-2025-212x300.jpg 212w, https://andrea-pfeil.de/wp-content/uploads/2024/10/orangerie-2025-768x1087.jpg 768w, https://andrea-pfeil.de/wp-content/uploads/2024/10/orangerie-2025.jpg 850w" sizes="auto, (max-width: 724px) 100vw, 724px" /></figure>
</div>


<p></p>



<p><strong>Rückblick</strong></p>



<p><strong>Ausstellung auf Schloss Herrenchiemsee</strong> 2023</p>



<p>Vom 2. bis 10. September 2023 waren einige meiner Werke im Neuen Schloss Herrenchiemsee zu sehen. Die Süddeutsche Zeitung berichtete:</p>



<figure class="wp-block-image size-large"><img loading="lazy" decoding="async" width="943" height="1024" src="https://andrea-pfeil.de/wp-content/uploads/2023/09/Sueddeutsche-Zeitung-Freitag-01.09.23-943x1024.jpg" alt="" class="wp-image-1136" srcset="https://andrea-pfeil.de/wp-content/uploads/2023/09/Sueddeutsche-Zeitung-Freitag-01.09.23-943x1024.jpg 943w, https://andrea-pfeil.de/wp-content/uploads/2023/09/Sueddeutsche-Zeitung-Freitag-01.09.23-276x300.jpg 276w, https://andrea-pfeil.de/wp-content/uploads/2023/09/Sueddeutsche-Zeitung-Freitag-01.09.23-768x834.jpg 768w, https://andrea-pfeil.de/wp-content/uploads/2023/09/Sueddeutsche-Zeitung-Freitag-01.09.23-1414x1536.jpg 1414w, https://andrea-pfeil.de/wp-content/uploads/2023/09/Sueddeutsche-Zeitung-Freitag-01.09.23-1885x2048.jpg 1885w, https://andrea-pfeil.de/wp-content/uploads/2023/09/Sueddeutsche-Zeitung-Freitag-01.09.23-1140x1239.jpg 1140w" sizes="auto, (max-width: 943px) 100vw, 943px" /><figcaption class="wp-element-caption">Süddeutsche Zeitung vom Freitag, den 01.09.23</figcaption></figure>



<div class="wp-block-columns is-layout-flex wp-container-core-columns-is-layout-28f84493 wp-block-columns-is-layout-flex">
<div class="wp-block-column is-vertically-aligned-center is-layout-flow wp-block-column-is-layout-flow" style="flex-basis:66.66%"><div class="wp-block-image">
<figure class="alignleft size-full is-resized"><img loading="lazy" decoding="async" width="866" height="650" src="https://andrea-pfeil.de/wp-content/uploads/2023/09/Impression-Herrenchiemsee-1-1.jpeg" alt="" class="wp-image-1200" style="width:610px;height:auto" srcset="https://andrea-pfeil.de/wp-content/uploads/2023/09/Impression-Herrenchiemsee-1-1.jpeg 866w, https://andrea-pfeil.de/wp-content/uploads/2023/09/Impression-Herrenchiemsee-1-1-300x225.jpeg 300w, https://andrea-pfeil.de/wp-content/uploads/2023/09/Impression-Herrenchiemsee-1-1-768x576.jpeg 768w" sizes="auto, (max-width: 866px) 100vw, 866px" /></figure>
</div></div>



<div class="wp-block-column is-layout-flow wp-block-column-is-layout-flow" style="flex-basis:33.33%"><div class="wp-block-image">
<figure class="alignright size-large is-resized"><img loading="lazy" decoding="async" width="768" height="1024" src="https://andrea-pfeil.de/wp-content/uploads/2023/09/Impression-Herrenchiemsee-2-1-768x1024.jpeg" alt="" class="wp-image-1201" style="width:461px;height:auto" srcset="https://andrea-pfeil.de/wp-content/uploads/2023/09/Impression-Herrenchiemsee-2-1-768x1024.jpeg 768w, https://andrea-pfeil.de/wp-content/uploads/2023/09/Impression-Herrenchiemsee-2-1-225x300.jpeg 225w, https://andrea-pfeil.de/wp-content/uploads/2023/09/Impression-Herrenchiemsee-2-1.jpeg 866w" sizes="auto, (max-width: 768px) 100vw, 768px" /></figure>
</div></div>
</div>



<div class="wp-block-columns is-layout-flex wp-container-core-columns-is-layout-28f84493 wp-block-columns-is-layout-flex">
<div class="wp-block-column is-vertically-aligned-bottom is-layout-flow wp-block-column-is-layout-flow" style="flex-basis:626px"><div class="wp-block-image">
<figure class="alignleft size-medium is-resized"><img loading="lazy" decoding="async" width="300" height="225" src="https://andrea-pfeil.de/wp-content/uploads/2023/09/Impression-Herrenchiemsee-Triptychon-1-300x225.jpeg" alt="" class="wp-image-1204" style="width:960px" srcset="https://andrea-pfeil.de/wp-content/uploads/2023/09/Impression-Herrenchiemsee-Triptychon-1-300x225.jpeg 300w, https://andrea-pfeil.de/wp-content/uploads/2023/09/Impression-Herrenchiemsee-Triptychon-1-768x576.jpeg 768w, https://andrea-pfeil.de/wp-content/uploads/2023/09/Impression-Herrenchiemsee-Triptychon-1.jpeg 866w" sizes="auto, (max-width: 300px) 100vw, 300px" /></figure>
</div></div>



<div class="wp-block-column is-vertically-aligned-bottom is-layout-flow wp-block-column-is-layout-flow" style="flex-basis:626px"><div class="wp-block-image">
<figure class="alignright size-full is-resized"><img loading="lazy" decoding="async" width="866" height="980" src="https://andrea-pfeil.de/wp-content/uploads/2023/09/Impression-Herrenchiemsee-3-1.jpeg" alt="" class="wp-image-1202" style="width:auto;height:340px" srcset="https://andrea-pfeil.de/wp-content/uploads/2023/09/Impression-Herrenchiemsee-3-1.jpeg 866w, https://andrea-pfeil.de/wp-content/uploads/2023/09/Impression-Herrenchiemsee-3-1-265x300.jpeg 265w, https://andrea-pfeil.de/wp-content/uploads/2023/09/Impression-Herrenchiemsee-3-1-768x869.jpeg 768w" sizes="auto, (max-width: 866px) 100vw, 866px" /></figure>
</div></div>
</div>

<p>Aktuelle Ausstellung Kunst &amp; Sehen in der Städtischne Galerie Bad Reichenhallvom 26. Oktober bis 3. November 2024 geöffnet von 15 bis 18 Uhr. Finissage am 3. 11. um 17 Uhr in Anwesenheit aller Künstler Vorschau Adieu Tristessein der Orangerie am Englischen Garten MünchenVom 28.01. bis 10.02. 2025geöffnet Sa und So von 11 bis 18 Uhr, Mo bis Fr von 15 bis 18 Uhr. Vernissage Dienstag, 28.01.2025 ab 19 UhrEinführung Ingrid FlossMusik Philipp Schiepek, GuitarreFreitag, 31.01.2025 ab 16 Uhr für Interessierte ein Vortrag zu den Farben: &#8222;Vom Pigment zur Wirkung&#8220; Rückblick Ausstellung auf Schloss Herrenchiemsee 2023 Vom 2. bis 10. September 2023 waren einige meiner Werke im Neuen Schloss Herrenchiemsee zu sehen. Die Süddeutsche Zeitung berichtete:</p>
