{"id":72,"date":"2023-07-24T16:04:39","date_gmt":"2023-07-24T16:04:39","guid":{"rendered":"https:\/\/andrea-pfeil.de\/?page_id=72"},"modified":"2023-09-22T15:16:32","modified_gmt":"2023-09-22T15:16:32","slug":"ueber-mich","status":"publish","type":"page","link":"https:\/\/andrea-pfeil.de\/?page_id=72","title":{"rendered":"\u00dcber mich"},"content":{"rendered":"<div class=\"wp-block-columns\">\n<div class=\"wp-block-column\">\n<figure class=\"wp-block-image alignleft size-large is-resized\"><span style=\"font-size: 16px;\"><img loading=\"lazy\" decoding=\"async\" class=\"wp-image-8\" style=\"width: 340px; height: 260px;\" src=\"https:\/\/andrea-pfeil.de\/wp-content\/uploads\/2023\/07\/andrea-pfeil-de-about-1-1024x784.jpeg\" alt=\"Andrea Pfeil Farbmalerei About\" width=\"340\" height=\"260\" srcset=\"https:\/\/andrea-pfeil.de\/wp-content\/uploads\/2023\/07\/andrea-pfeil-de-about-1-1024x784.jpeg 1024w, https:\/\/andrea-pfeil.de\/wp-content\/uploads\/2023\/07\/andrea-pfeil-de-about-1-300x230.jpeg 300w, https:\/\/andrea-pfeil.de\/wp-content\/uploads\/2023\/07\/andrea-pfeil-de-about-1-768x588.jpeg 768w, https:\/\/andrea-pfeil.de\/wp-content\/uploads\/2023\/07\/andrea-pfeil-de-about-1.jpeg 1200w\" sizes=\"auto, (max-width: 340px) 100vw, 340px\" \/><\/span><\/figure>\n<\/div>\n<div class=\"wp-block-column\">\n<p><span style=\"font-size: 16px;\">Die intensive Besch\u00e4ftigung mit der Malerei hat f\u00fcr mich 2011 begonnen. Am Anfang standen Acryl und Aquarell. Zun\u00e4chst in M\u00fcnchen bei Miriam Paschke, dann kam ein Grundstudium Malerei und Zeichnung an der Kunstschule Akthof. Es folgten Aufbaustudieng\u00e4nge an den Kunstakademien Bad Reichenhall und Kolbermoor, bei Bernd Zimmer, Prof. Christian Ludwig Attersee, Prof. Jerry Zeniuk und Ingrid Floss. K\u00fcnstlerische Vorbilder, die mich begeistern sind Joan Mitchell, Claude Monet und Helene Frankenthaler.<\/span><\/p>\n<\/div>\n<\/div>\n<p><span style=\"font-size: 16px;\"><img loading=\"lazy\" decoding=\"async\" class=\"alignright wp-image-609\" src=\"https:\/\/andrea-pfeil.de\/wp-content\/uploads\/2023\/08\/andrea-pfeil-de-at-work45jpeg-1-300x204.jpeg\" alt=\"\" width=\"309\" height=\"210\" srcset=\"https:\/\/andrea-pfeil.de\/wp-content\/uploads\/2023\/08\/andrea-pfeil-de-at-work45jpeg-1-300x204.jpeg 300w, https:\/\/andrea-pfeil.de\/wp-content\/uploads\/2023\/08\/andrea-pfeil-de-at-work45jpeg-1-1024x696.jpeg 1024w, https:\/\/andrea-pfeil.de\/wp-content\/uploads\/2023\/08\/andrea-pfeil-de-at-work45jpeg-1-768x522.jpeg 768w, https:\/\/andrea-pfeil.de\/wp-content\/uploads\/2023\/08\/andrea-pfeil-de-at-work45jpeg-1.jpeg 1107w\" sizes=\"auto, (max-width: 309px) 100vw, 309px\" \/><\/span><\/p>\n<p><span style=\"font-size: 16px;\">Meine Arbeiten lassen sich am besten als ausdrucksstark, farbenfroh und gestisch bezeichnen. Sie entstehen aus der Kombination von Spontanit\u00e4t und wohl \u00fcberlegter Gestaltung. Da ist das Zusammenspiel der Farben, ihr Verh\u00e4ltnis zueinander, der Wunsch sie zum Leuchten zu bringen. Dabei geht es darum auch Gegens\u00e4tze entstehen zu lassen \u2013 sei es von hell zu dunkel, scharf zu unscharf oder von von schnell zu langsam.<\/span><\/p>\n<p><span style=\"font-size: 16px;\">Die ersten Farben werden schnell und kraftvoll gesetzt, aus der intuitiven Eingebung heraus. Im weiteren Bearbeiten bedarf es dann eines wohl \u00fcberlegen Setzens und eines \u00dcbereinander-Schichtens der Farben.<\/span><br \/>\n<span style=\"font-size: 16px;\">Dabei wollen die Formen, Farben und Stimmungen in Einklang gebracht werden. Und so entsteht im Laufe des Arbeitsprozesses das Motiv und die r\u00e4umliche Tiefe.<\/span><br \/>\n<span style=\"font-size: 16px;\">Meine Bilder enthalten zwar keine Geschichten. Doch oft sind figurative oder naturbezogene Andeutungen zu entdecken.<\/span><\/p>\n","protected":false},"excerpt":{"rendered":"<p>Die intensive Besch\u00e4ftigung mit der Malerei hat f\u00fcr mich 2011 begonnen. Am Anfang standen Acryl und Aquarell. Zun\u00e4chst in M\u00fcnchen bei Miriam Paschke, dann kam ein Grundstudium Malerei und Zeichnung an der Kunstschule Akthof. Es folgten Aufbaustudieng\u00e4nge an den Kunstakademien Bad Reichenhall und Kolbermoor, bei Bernd Zimmer, Prof. Christian Ludwig Attersee, Prof. Jerry Zeniuk und Ingrid Floss. K\u00fcnstlerische Vorbilder, die mich begeistern sind Joan Mitchell, Claude Monet und Helene Frankenthaler. Meine Arbeiten lassen sich am besten als ausdrucksstark, farbenfroh und gestisch bezeichnen. Sie entstehen aus der Kombination von Spontanit\u00e4t und wohl \u00fcberlegter Gestaltung. Da ist das Zusammenspiel der Farben, ihr Verh\u00e4ltnis zueinander, der Wunsch sie zum Leuchten zu bringen. Dabei geht es darum auch Gegens\u00e4tze entstehen zu lassen \u2013 sei es von hell zu dunkel, scharf zu unscharf oder von von schnell zu langsam. Die ersten Farben werden schnell und kraftvoll gesetzt, aus der intuitiven Eingebung heraus. Im weiteren Bearbeiten bedarf es dann eines wohl \u00fcberlegen Setzens und eines \u00dcbereinander-Schichtens der Farben. Dabei wollen die Formen, Farben und Stimmungen in Einklang gebracht werden. Und so entsteht im Laufe des Arbeitsprozesses das Motiv und die r\u00e4umliche Tiefe. Meine Bilder enthalten zwar keine Geschichten. Doch oft sind figurative oder naturbezogene Andeutungen zu entdecken.<\/p>\n","protected":false},"author":1,"featured_media":0,"parent":0,"menu_order":0,"comment_status":"closed","ping_status":"closed","template":"","meta":{"ngg_post_thumbnail":0,"footnotes":""},"class_list":["post-72","page","type-page","status-publish","hentry"],"_links":{"self":[{"href":"https:\/\/andrea-pfeil.de\/index.php?rest_route=\/wp\/v2\/pages\/72","targetHints":{"allow":["GET"]}}],"collection":[{"href":"https:\/\/andrea-pfeil.de\/index.php?rest_route=\/wp\/v2\/pages"}],"about":[{"href":"https:\/\/andrea-pfeil.de\/index.php?rest_route=\/wp\/v2\/types\/page"}],"author":[{"embeddable":true,"href":"https:\/\/andrea-pfeil.de\/index.php?rest_route=\/wp\/v2\/users\/1"}],"replies":[{"embeddable":true,"href":"https:\/\/andrea-pfeil.de\/index.php?rest_route=%2Fwp%2Fv2%2Fcomments&post=72"}],"version-history":[{"count":90,"href":"https:\/\/andrea-pfeil.de\/index.php?rest_route=\/wp\/v2\/pages\/72\/revisions"}],"predecessor-version":[{"id":1178,"href":"https:\/\/andrea-pfeil.de\/index.php?rest_route=\/wp\/v2\/pages\/72\/revisions\/1178"}],"wp:attachment":[{"href":"https:\/\/andrea-pfeil.de\/index.php?rest_route=%2Fwp%2Fv2%2Fmedia&parent=72"}],"curies":[{"name":"wp","href":"https:\/\/api.w.org\/{rel}","templated":true}]}}

Über mich

<div class="wp-block-columns">
<div class="wp-block-column">
<figure class="wp-block-image alignleft size-large is-resized"><span style="font-size: 16px;"><img loading="lazy" decoding="async" class="wp-image-8" style="width: 340px; height: 260px;" src="https://andrea-pfeil.de/wp-content/uploads/2023/07/andrea-pfeil-de-about-1-1024x784.jpeg" alt="Andrea Pfeil Farbmalerei About" width="340" height="260" srcset="https://andrea-pfeil.de/wp-content/uploads/2023/07/andrea-pfeil-de-about-1-1024x784.jpeg 1024w, https://andrea-pfeil.de/wp-content/uploads/2023/07/andrea-pfeil-de-about-1-300x230.jpeg 300w, https://andrea-pfeil.de/wp-content/uploads/2023/07/andrea-pfeil-de-about-1-768x588.jpeg 768w, https://andrea-pfeil.de/wp-content/uploads/2023/07/andrea-pfeil-de-about-1.jpeg 1200w" sizes="auto, (max-width: 340px) 100vw, 340px" /></span></figure>
</div>
<div class="wp-block-column">
<p><span style="font-size: 16px;">Die intensive Beschäftigung mit der Malerei hat für mich 2011 begonnen. Am Anfang standen Acryl und Aquarell. Zunächst in München bei Miriam Paschke, dann kam ein Grundstudium Malerei und Zeichnung an der Kunstschule Akthof. Es folgten Aufbaustudiengänge an den Kunstakademien Bad Reichenhall und Kolbermoor, bei Bernd Zimmer, Prof. Christian Ludwig Attersee, Prof. Jerry Zeniuk und Ingrid Floss. Künstlerische Vorbilder, die mich begeistern sind Joan Mitchell, Claude Monet und Helene Frankenthaler.</span></p>
</div>
</div>
<p><span style="font-size: 16px;"><img loading="lazy" decoding="async" class="alignright wp-image-609" src="https://andrea-pfeil.de/wp-content/uploads/2023/08/andrea-pfeil-de-at-work45jpeg-1-300x204.jpeg" alt="" width="309" height="210" srcset="https://andrea-pfeil.de/wp-content/uploads/2023/08/andrea-pfeil-de-at-work45jpeg-1-300x204.jpeg 300w, https://andrea-pfeil.de/wp-content/uploads/2023/08/andrea-pfeil-de-at-work45jpeg-1-1024x696.jpeg 1024w, https://andrea-pfeil.de/wp-content/uploads/2023/08/andrea-pfeil-de-at-work45jpeg-1-768x522.jpeg 768w, https://andrea-pfeil.de/wp-content/uploads/2023/08/andrea-pfeil-de-at-work45jpeg-1.jpeg 1107w" sizes="auto, (max-width: 309px) 100vw, 309px" /></span></p>
<p><span style="font-size: 16px;">Meine Arbeiten lassen sich am besten als ausdrucksstark, farbenfroh und gestisch bezeichnen. Sie entstehen aus der Kombination von Spontanität und wohl überlegter Gestaltung. Da ist das Zusammenspiel der Farben, ihr Verhältnis zueinander, der Wunsch sie zum Leuchten zu bringen. Dabei geht es darum auch Gegensätze entstehen zu lassen – sei es von hell zu dunkel, scharf zu unscharf oder von von schnell zu langsam.</span></p>
<p><span style="font-size: 16px;">Die ersten Farben werden schnell und kraftvoll gesetzt, aus der intuitiven Eingebung heraus. Im weiteren Bearbeiten bedarf es dann eines wohl überlegen Setzens und eines Übereinander-Schichtens der Farben.</span><br />
<span style="font-size: 16px;">Dabei wollen die Formen, Farben und Stimmungen in Einklang gebracht werden. Und so entsteht im Laufe des Arbeitsprozesses das Motiv und die räumliche Tiefe.</span><br />
<span style="font-size: 16px;">Meine Bilder enthalten zwar keine Geschichten. Doch oft sind figurative oder naturbezogene Andeutungen zu entdecken.</span></p>

<p>Die intensive Beschäftigung mit der Malerei hat für mich 2011 begonnen. Am Anfang standen Acryl und Aquarell. Zunächst in München bei Miriam Paschke, dann kam ein Grundstudium Malerei und Zeichnung an der Kunstschule Akthof. Es folgten Aufbaustudiengänge an den Kunstakademien Bad Reichenhall und Kolbermoor, bei Bernd Zimmer, Prof. Christian Ludwig Attersee, Prof. Jerry Zeniuk und Ingrid Floss. Künstlerische Vorbilder, die mich begeistern sind Joan Mitchell, Claude Monet und Helene Frankenthaler. Meine Arbeiten lassen sich am besten als ausdrucksstark, farbenfroh und gestisch bezeichnen. Sie entstehen aus der Kombination von Spontanität und wohl überlegter Gestaltung. Da ist das Zusammenspiel der Farben, ihr Verhältnis zueinander, der Wunsch sie zum Leuchten zu bringen. Dabei geht es darum auch Gegensätze entstehen zu lassen – sei es von hell zu dunkel, scharf zu unscharf oder von von schnell zu langsam. Die ersten Farben werden schnell und kraftvoll gesetzt, aus der intuitiven Eingebung heraus. Im weiteren Bearbeiten bedarf es dann eines wohl überlegen Setzens und eines Übereinander-Schichtens der Farben. Dabei wollen die Formen, Farben und Stimmungen in Einklang gebracht werden. Und so entsteht im Laufe des Arbeitsprozesses das Motiv und die räumliche Tiefe. Meine Bilder enthalten zwar keine Geschichten. Doch oft sind figurative oder naturbezogene Andeutungen zu entdecken.</p>
